{"id":1822,"date":"2021-06-01T13:50:00","date_gmt":"2021-06-01T11:50:00","guid":{"rendered":"https:\/\/silknow.eu\/?page_id=1822"},"modified":"2021-06-01T15:47:25","modified_gmt":"2021-06-01T13:47:25","slug":"concurso-de-redaccion-silknow","status":"publish","type":"page","link":"https:\/\/silknow.eu\/index.php\/concurso-de-redaccion-silknow\/","title":{"rendered":"Concurso de Redacci\u00f3n SILKNOW"},"content":{"rendered":"\n<div class=\"wp-block-image\"><figure class=\"aligncenter size-large is-resized\"><img loading=\"lazy\" decoding=\"async\" src=\"http:\/\/silknow.eu\/wp-content\/uploads\/banner_logos.jpg\" alt=\"\" class=\"wp-image-1825\" width=\"549\" height=\"262\" srcset=\"https:\/\/silknow.eu\/wp-content\/uploads\/banner_logos.jpg 735w, https:\/\/silknow.eu\/wp-content\/uploads\/banner_logos-300x143.jpg 300w\" sizes=\"auto, (max-width: 549px) 100vw, 549px\" \/><\/figure><\/div>\n\n\n\n<p><strong>Programa:<\/strong><\/p>\n\n\n\n<p>En el marco del proyecto, los centros del Instituto Cervantes en M\u00e1nchester, Lyon, Bruselas  y Varsovia convocan un concurso de redacci\u00f3n para los alumnos que est\u00e9n matriculados en el momento de la publicaci\u00f3n de estas bases en un curso de nivel A2-B1.<\/p>\n\n\n\n<p><strong>\u00bfEn qu\u00e9 consiste?<\/strong><\/p>\n\n\n\n<p>El estudiante deber\u00e1 presentar una obra escrita de cualquier g\u00e9nero que tenga como tema un aspecto recogido en los materiales did\u00e1cticos \u00abLa Ruta de la Seda\u00bb de SILKNOW. Los textos deber\u00e1n estar escritos en espa\u00f1ol, y ser originales e in\u00e9ditos.<\/p>\n\n\n\n<p><strong>\u00bfC\u00f3mo y a qui\u00e9n env\u00edo mi obra?<\/strong><\/p>\n\n\n\n<p>Las obras deber\u00e1n presentarse en formato PDF, con un interlineado de 1,5, letra Times New Roman 12 y contar\u00e1n como m\u00e1ximo con 300-350 palabras. El texto ir\u00e1 precedido por el t\u00edtulo de la obra en may\u00fascula. Podr\u00e1 ir acompa\u00f1ado de im\u00e1genes, si se considera oportuno por parte del autor.  Revisa la web de cada centro para el env\u00edo. <\/p>\n\n\n\n<p><strong>\u00bfCu\u00e1l es el plazo de entrega?<\/strong><\/p>\n\n\n\n<p>Las obras podr\u00e1n enviarse desde la fecha de publicaci\u00f3n de estas bases y hasta el 7 de junio de 2021 a las 23:59 (hora local de cada centro).<\/p>\n\n\n\n<p><strong>Premios<\/strong><\/p>\n\n\n\n<ol class=\"wp-block-list\"><li><strong>Primer premio:<\/strong> Publicaci\u00f3n de su obra en la p\u00e1gina web del proyecto SILKNOW y una matr\u00edcula gratuita para un curso presencial en el Instituto Cervantes de su localidad.<br><\/li><li><strong>Segundo premio:<\/strong> Publicaci\u00f3n de su obra en la p\u00e1gina web del proyecto SILKNOW y una matr\u00edcula gratuita para un curso en l\u00ednea AVE.<br><\/li><li><strong>Tercer premio:<\/strong> Publicaci\u00f3n de su obra en la p\u00e1gina web del proyecto SILKNOW y una matr\u00edcula gratuita para el examen del Diploma de Espa\u00f1ol como Lengua Extranjera (DELE), que se realizar\u00e1 en uno de los centros de examen dependientes del Instituto Cervantes de su localidad.<\/li><\/ol>\n\n\n\n<p><a rel=\"noreferrer noopener\" href=\"http:\/\/silknow.eu\/wp-content\/uploads\/silknow_bases-finales-concurso-.pdf\" target=\"_blank\">Bases del concurso<\/a>. Por favor, revisa las bases en la p\u00e1gina web de cada centro:  <a rel=\"noreferrer noopener\" href=\"https:\/\/lyon.cervantes.es\/es\/default.shtm\" target=\"_blank\">Lyon<\/a>, <a rel=\"noreferrer noopener\" href=\"https:\/\/bruselas.cervantes.es\/es\/cultura_espanol\/concurso_redaccion_silknow.htm\" target=\"_blank\">Bruselas<\/a>, <a rel=\"noreferrer noopener\" href=\"https:\/\/varsovia.cervantes.es\/es\/default.shtm\" target=\"_blank\">Varsovia<\/a> y <a rel=\"noreferrer noopener\" href=\"https:\/\/manchester.cervantes.es\/en\/culture_spanish\/writting_competition_silknow.htm\" target=\"_blank\">Mancheste<\/a>r.<\/p>\n\n\n\n<hr class=\"wp-block-separator\"\/>\n\n\n\n<h1 class=\"wp-block-heading\">SILKNOW Writing Competition for students at Instituto Cervantes <\/h1>\n\n\n\n<p>The Instituto Cervantes centres in Manchester, Brussels,  Lyon and Warsaw are organizing a writing competition for students who are enrolled in an A2-B1 level course at the time of publication of these rules.<\/p>\n\n\n\n<p><strong>What does it consist of?<\/strong><\/p>\n\n\n\n<p>The student must submit a written work of any genre that has as its theme an aspect of the SILKNOW &#8220;Silk Road&#8221; teaching materials. The texts must be written in Spanish and must be original and unpublished.<\/p>\n\n\n\n<p><strong>How and to whom do I send my work?<\/strong><\/p>\n\n\n\n<p>Works must be submitted in PDF format, with 1.5 line spacing, and Times New Roman 12 font. Works must have a maximum of 300-350 words. The text must be preceded by the title of the work in capital letters. It may be accompanied by images if considered appropriate by the author.  Check the website of each centre.<\/p>\n\n\n\n<p><strong>What is the deadline for submission?<\/strong><\/p>\n\n\n\n<p>Entries can be submitted from the date of publication of these rules until 7 June 2021 at 23:59 (local time of each centre).<\/p>\n\n\n\n<p><strong>Prizes<\/strong><\/p>\n\n\n\n<ol class=\"wp-block-list\"><li><strong>First prize:<\/strong> Publication of their work on the SILKNOW project website and a free registration for an on-site course at the local Instituto Cervantes.<br><\/li><li><strong>Second prize:<\/strong> Publication of their work on the SILKNOW project website and a free registration for an AVE online course.<br><\/li><li><strong>Third prize:<\/strong> Publication of their work on the SILKNOW project website and a free registration for the Diploma de Espa\u00f1ol como Lengua Extranjera (DELE) exam, to be held at one of the  local Instituto Cervantes examination centres.<\/li><\/ol>\n\n\n\n<p><a rel=\"noreferrer noopener\" href=\"http:\/\/silknow.eu\/wp-content\/uploads\/bases_concurso_redaccion_en.pdf\" target=\"_blank\">Terms &amp; Conditions.<\/a> Please check the terms and conditions on the website of each centre: <a rel=\"noreferrer noopener\" href=\"https:\/\/lyon.cervantes.es\/es\/default.shtm\" target=\"_blank\">Lyon<\/a>, <a rel=\"noreferrer noopener\" href=\"https:\/\/bruselas.cervantes.es\/es\/cultura_espanol\/concurso_redaccion_silknow.htm\" target=\"_blank\">Brussels,<\/a> <a rel=\"noreferrer noopener\" href=\"https:\/\/varsovia.cervantes.es\/es\/default.shtm\" target=\"_blank\">Warsaw<\/a> and <a rel=\"noreferrer noopener\" href=\"https:\/\/manchester.cervantes.es\/en\/culture_spanish\/writting_competition_silknow.htm\" target=\"_blank\">Manchester<\/a>.<\/p>\n","protected":false},"excerpt":{"rendered":"<p>Programa: En el marco del proyecto, los centros del Instituto Cervantes en M\u00e1nchester, Lyon, Bruselas y Varsovia convocan un concurso de redacci\u00f3n para los alumnos que est\u00e9n matriculados en el momento de la publicaci\u00f3n de estas bases en un curso de nivel A2-B1. \u00bfEn qu\u00e9 consiste? El estudiante deber\u00e1 presentar una obra escrita de cualquier&hellip;<\/p>\n<p><a class=\"more-link\" href=\"https:\/\/silknow.eu\/index.php\/concurso-de-redaccion-silknow\/\" title=\"Continue reading &lsquo;Concurso de Redacci\u00f3n SILKNOW&rsquo;\">Continue reading <span class=\"meta-nav\">&rarr;<\/span><\/a><\/p>\n","protected":false},"author":2,"featured_media":0,"parent":0,"menu_order":0,"comment_status":"closed","ping_status":"closed","template":"","meta":{"footnotes":""},"class_list":["post-1822","page","type-page","status-publish","hentry"],"_links":{"self":[{"href":"https:\/\/silknow.eu\/index.php\/wp-json\/wp\/v2\/pages\/1822","targetHints":{"allow":["GET"]}}],"collection":[{"href":"https:\/\/silknow.eu\/index.php\/wp-json\/wp\/v2\/pages"}],"about":[{"href":"https:\/\/silknow.eu\/index.php\/wp-json\/wp\/v2\/types\/page"}],"author":[{"embeddable":true,"href":"https:\/\/silknow.eu\/index.php\/wp-json\/wp\/v2\/users\/2"}],"replies":[{"embeddable":true,"href":"https:\/\/silknow.eu\/index.php\/wp-json\/wp\/v2\/comments?post=1822"}],"version-history":[{"count":7,"href":"https:\/\/silknow.eu\/index.php\/wp-json\/wp\/v2\/pages\/1822\/revisions"}],"predecessor-version":[{"id":1837,"href":"https:\/\/silknow.eu\/index.php\/wp-json\/wp\/v2\/pages\/1822\/revisions\/1837"}],"wp:attachment":[{"href":"https:\/\/silknow.eu\/index.php\/wp-json\/wp\/v2\/media?parent=1822"}],"curies":[{"name":"wp","href":"https:\/\/api.w.org\/{rel}","templated":true}]}}